32. What is r(-9)?
14
Let l(c) = 3*c**3 + 6*c**2 + 9*c + 10. What is l(-3)?
-44
Let r(k) = 7*k**2 - 20*k - 90. What is r(-4)?
102
Let r(b) = 7*b + 38. Calculate r(-8).
-18
Let g(t) = 5*t - 3. What is g(4)?
17
Let a(y) = y**2 + 22*y + 2. Give a(-22).
2
Let r(x) = -x**2 + 13*x - 16. Determine r(12).
-4
Let r(x) = -2*x + 9. Give r(2).
5
Let h(q) = q**2 - 17. Give h(0).
-17
Let b(a) = a**2 - 32*a + 119. Determine b(28).
7
Let o(z) = z**2 + 15*z + 4. Calculate o(-15).
4
Let j(b) = -b**3 + 12*b**2 - 10*b + 16. Calculate j(10).
116
Let m(o) = 6*o**2 + 50*o + 13. Calculate m(-8).
-3
Let t(s) = 60*s. Determine t(1).
60
Let k(a) = a**3 + 8*a**2 + 3*a + 17. What is k(-8)?
-7
Let l(o) = 16*o. Determine l(6).
96
Let d(m) = m**3 - 34*m**2 + 5*m - 177. Give d(34).
-7
Let y(d) = 116*d - 18. Determine y(0).
-18
Let n(v) = -v**2 - 5*v + 19. What is n(6)?
-47
Let c(n) = n + 18. Calculate c(-18).
0
Let a(u) = -u**3 + 5*u**2 - 2*u - 5. Give a(2).
3
Let y(m) = -16*m - 166. Calculate y(-11).
10
Let j(i) = i - 37. Determine j(8).
-29
Let d(p) = -2*p**2 - 67*p - 199. What is d(-3)?
-16
Let w(b) = b**3 - 10*b**2 - 10*b + 17. Calculate w(11).
28
Let o(w) = 8*w + 108. What is o(-12)?
12
Let c(z) = z**2 - 32*z + 96. Calculate c(3).
9
Let d(m) = 5*m + 22. Calculate d(-4).
2
Let x(m) = -m**2 - 8*m + 47. What is x(-12)?
-1
Let c(p) = 2*p + 18. Calculate c(-9).
0
Let l(b) = -5*b**2 - 112*b + 76. Calculate l(-23).
7
Let l(o) = -o**2 + 7*o + 3. Give l(11).
-41
Let o(s) = s**3 - 18*s**2 + 18*s - 22. Give o(17).
-5
Let g(h) = h**2 - 4*h - 7. What is g(4)?
-7
Let l(s) = -33*s + 1. Give l(-1).
34
Let b(t) = -t**3 - 47*t**2 - 92*t - 88. Determine b(-45).
2
Let b(z) = z**3 - 6*z**2 - 3*z + 1. Calculate b(7).
29
Let d(n) = -n**2 - 18*n + 85. Calculate d(-22).
-3
Let f(a) = 11*a - 87. Calculate f(15).
78
Let g(x) = 2*x + 3. Give g(0).
3
Let o(v) = -v**2 - 9*v - 4. What is o(-7)?
10
Let z(h) = 10*h - 16. Give z(-11).
-126
Let n(s) = -s**2 + 12*s - 26. Determine n(9).
1
Let j(v) = v**3 + 12*v**2 - 9*v + 34. Give j(-13).
-18
Let a(l) = -3*l - 7. Give a(-7).
14
Let f(r) = 2*r**3 + 44*r**2 - 51*r - 114. Calculate f(-23).
1
Let y(q) = -4*q + 51. What is y(14)?
-5
Let j(u) = 12*u**2 + 11*u - 10. What is j(1)?
13
Let d(r) = r**2 + 4*r - 2. Determine d(-4).
-2
Let l(p) = p**2 - 11*p - 11. Determine l(10).
-21
Let v(y) = -41*y**3 + y**2 - y - 2. Calculate v(-1).
41
Let f(m) = 30*m + 192. What is f(-6)?
12
Let m(g) = -g + 3. Give m(-3).
6
Let k(c) = -c**2 + 114*c - 433. Determine k(4).
7
Let p(f) = -f**2 + 8*f - 5. Calculate p(8).
-5
Let a(s) = -7*s + 3. Determine a(3).
-18
Let i(o) = 2*o**2 + 8*o + 6. Determine i(-4).
6
Let x(g) = g**3 - g**2 - 17*g + 30. Give x(2).
0
Let o(u) = 13*u + 37. What is o(-3)?
-2
Let m(x) = -x**3 + 16*x**2 - 17*x + 44. Calculate m(15).
14
Let x(m) = m**2 + 9*m - 7. Give x(-8).
-15
Let h(p) = -p**2 - 1. Calculate h(-3).
-10
Let x(w) = 2*w - 4. Give x(13).
22
Let l(x) = -x**3 + 11*x**2 - 6*x + 7. Determine l(10).
47
Let d(n) = 11*n**2 - 37*n. Calculate d(3).
-12
Let l(f) = -f**2 + 13*f + 5. Calculate l(14).
-9
Let n(y) = -3*y**3 + 6*y**2 - 21*y + 41. Calculate n(2).
-1
Let t(o) = -o**3 - 10*o**2 + 14*o + 15. Determine t(-11).
-18
Let y(t) = 10*t**2 - t + 1. Determine y(2).
39
Let q(m) = -m - 13. What is q(5)?
-18
Let f(s) = s**2 + 1. Determine f(4).
17
Let v(q) = -q**2 + 15*q + 8. Determine v(12).
44
Let j(x) = x**2 + 13*x - 12. What is j(-13)?
-12
Let x(j) = -2*j + 21. Calculate x(27).
-33
Let b(y) = y**3 + 5*y**2 + y + 6. What is b(-5)?
1
Let z(b) = -b**2 - 28*b - 62. Determine z(-25).
13
Let w(u) = u**2 - 9. Determine w(0).
-9
Let s(t) = 33*t**2. Give s(1).
33
Let d(u) = -u + 7. Calculate d(-8).
15
Let b(t) = 4*t - 28. What is b(7)?
0
Let c(v) = v**2 - v - 1. Calculate c(-7).
55
Let h(s) = -s**3 - 51*s**2 - 58*s - 386. What is h(-50)?
14
Let z(i) = i + 6. Give z(5).
11
Let l(v) = -v**3 + 5*v**2 - v + 1. Give l(6).
-41
Let g(b) = b**3 - b + 14. Give g(0).
14
Let i(r) = r**3 + 8*r**2 + 6*r. Determine i(-6).
36
Let t(x) = x**2 + 9*x - 15. What is t(-10)?
-5
Let n(f) = f**3 + 5*f**2 + 6*f - 11. Give n(-4).
-19
Let r(k) = k**3 - 12*k**2 + 33*k - 10. Calculate r(4).
-6
Let c(z) = z**3 - 8*z**2 + 6*z + 1. Give c(5).
-44
Let y(i) = 2*i + 27. Calculate y(-10).
7
Let f(y) = -y**3 + 7*y**2 - 2*y + 10. Give f(8).
-70
Let y(n) = 22*n**2 - 6*n + 7. Give y(1).
23
Let l(j) = j**2 - 13*j - 12. What is l(12)?
-24
Let k(t) = t**2 + 4*t + 6. Give k(-8).
38
Let u(l) = -2*l**2 + 14*l - 1. Calculate u(7).
-1
Let b(k) = 4*k + 1. Determine b(9).
37
Let s(z) = 2*z**2 - z - 4. Give s(-2).
6
Let h(c) = -9*c**2 + 5*c - 4. Determine h(3).
-70
Let y(x) = x**2 + 18*x + 53. Determine y(-14).
-3
Let b(o) = 17*o + 10. What is b(-4)?
-58
Let p(u) = -2*u**2 - 2*u + 11. What is p(-5)?
-29
Let s(k) = -k**3 + 15*k + 1. Give s(4).
-3
Let t(m) = -m**2 - 29*m + 2. Give t(-31).
-60
Let p(u) = -13*u - 18. Calculate p(0).
-18
Let b(w) = -21*w**2 + 6*w + 7. Determine b(-3).
-200
Let y(t) = -12*t**2 + 2*t + 1. Give y(-1).
-13
Let f(c) = -c**3 + 2*c + 4. Calculate f(0).
4
Let n(h) = 9*h**2 - 3*h - 4. Determine n(-2).
38
Let h(r) = -r**3 + 3*r**2 + 9*r + 1. Calculate h(-4).
77
Let g(p) = 4*p**2 - 6*p. Give g(2).
4
Let x(c) = c**2 + 7*c - 33. Calculate x(-9).
-15
Let q(x) = x**3 + 12*x**2 + 13*x + 11. Calculate q(-11).
-11
Let j(m) = 3*m**2 + 4*m - 1. Calculate j(-3).
14
Let l(a) = -18*a**2 + 4*a - 3. Determine l(1).
-17
Let r(m) = -7*m - 2. What is r(-6)?
40
Let h(q) = -6*q - 71. What is h(-9)?
-17
Let f(p) = p**3 - 8*p**2 + 6*p - 7. Determine f(7).
-14
Let o(s) = -7*s - 9. Determine o(5).
-44
Let h(p) = -p - 11. Calculate h(2).
-13
Let r(i) = 15*i**2 - 88*i - 6. Give r(6).
6
Let u(h) = -12*h + 2. What is u(-4)?
50
Let o(b) = -20*b + 924. Give o(46).
4
Let p(l) = 6*l + 6. What is p(-2)?
-6
Let y(w) = 6*w. Calculate y(-1).
-6
Let d(s) = s + 34. What is d(-9)?
25
Let t(d) = -d**3 + 9*d**2 + 12*d - 2. Give t(10).
18
Let u(p) = -p**3 + 12*p**2 - 12*p + 7. What is u(11)?
-4
Let w(o) = -99*o - 2. What is w(-1)?
97
Let g(s) = 44*s + 309. Calculate g(-7).
1
Let o(b) = -2*b**2 + b + 3. Give o(-4).
-33
Let p(r) = -r**2 - 7*r - 13. Determine p(-5).
-3
Let o(j) = j**3 + 6*j**2 + 4*j - 1. Determine o(-5).
4
Let t(m) = -6*m**2 + m + 1. What is t(-1)?
-6
Let g(p) = -p**2 - 4*p - 5. Determine g(-4).
-5
Let q(b) = -3*b**2 + 2*b + 3. Calculate q(-1).
-2
Let x(z) = 6*z**2 + 6*z + 7. Determine x(-2).
19
Let f(r) = -4*r**2 + 3*r. Calculate f(2).
-10
Let c(t) = -2*t**3 - 2*t**2 - t - 1. Give c(2).
-27
Let l(w) = 2*w + 11. Determine l(-13).
-15
Let y(w) = -19*w**2 + 14*w + 15. Give y(-1).
-18
Let d(n) = -n + 7. What is d(9)?
-2
Let y(k) = k**3 - 2*k**2 + 1. Determine y(-3).
-44
Let q(w) = 9*w**2 + 2*w - 2. Determine q(-3).
73
Let g(v) = 10*v - 66. Calculate g(7).
4
Let j(f) = -f**3 - 2*f**2 - 11*f - 45. What is j(-3)?
-3
Let r(u) = u**3 + 9*u**2 + 3*u + 9. What is r(-9)?
-18
Let k(o) = o**3 - 7*o**2 - o + 1. What is k(7)?
-6
Let v(b) = -4*b**2 + 6*b + 2. What is v(3)?
-16
Let i(t) = t**3 - 5*t**2 - 2*t + 4. Determine i(4).
-20
Let m(j) = -j**3 - 25*j**2 + 25*j + 27. What is m(-26)?
53
Let w(z) = -z**2 - 2*z - 20. What is w(0)?
-20
Let z(v) = -3*v**2 + 3*v + 73. Determine z(-7).
-95
Let s(h) = 4*h - 6. Give s(-5).
-26
Let a(b) = 8*b. Determine a(9).
72
Let b(t) = t**3 - 2*t. Give b(2).
4
Let v(h) = 7*h - 17. What is v(9)?
46
Let u(z) = -4*z - 1. What is u(-1)?
3
Let p(k) = -118*k - 458. Give p(-4).
14
Let j(p) = -6*p + 19. Determine j(4).
-5
Let o(i) = -11*i + 23. What is o(6)?
-43
Let z(f) = -2*f**2 + 5*f + 12. Give z(5).
-13
Let b(m) = m**2 - 14*m - 104. Give b(-6).
16
Let o(r) = r**2 - 8*r + 16. Give o(9).
25
Let p(o) = -o**3 + 3*o**2 - 10*o + 18. Determine p(4).
-38
Let y(n) = -n**2 - 9*n + 7. What is y(-9)?
7
Let x(n) = n**3 + 7*n**2 - 8*n + 3. Calculate x(-8).
3
Let a(r) = r**3 - 13*r**2 + r - 12. Calculate a(13).
1
Let r(u) = u**3 - 15*u**2 + 15*u - 6. What is r(14)?
8
Let p(k) = 3*k**2 + 10*k. Calculate p(-4).
8
Let f(l) = -l**3 - 6*l**2 + 3*l - 25. What is f(-7)?
3
Let a(k) = 6*k + 2. Determine a(3).
20
Let s(y) = 13*y - 104. What is s(11)?
39
Let f(l) = l**3 - 12. Give f(0).
-12
Let z(l) = -2*l**2 + 20*l - 3. Give z(10).
-3
Let h(v) = v**3 - 12*v**2 - 15*v - 9. Determine h(13).
-35
Let u(l) = -l**2 + 4*l + 34. Calculate u(8)